ime number?
False
Let v be -115*1 - 2 - 0. Let g = 201 + v. Suppose 6*h - g = -4*f + 2*h, -2*h = 8. Is f a prime number?
False
Suppose 0 = q + 2*q - 2271. Is q prime?
True
Suppose -3*z + 4*z - 157 = 0. Is z composite?
False
Suppose 0*o + 3*o = 0. Let f(b) = 18*b + o + 7 - 9*b + 15*b. Is f(8) a prime number?
True
Suppose r = 4*r - 9. Suppose j + 33 = -5*l, 0 = -5*j - 8*l + r*l - 65. Let g = 1 - j. Is g composite?
True
Is 4/(-6) + (-94215)/(-99) composite?
True
Is 10/(-15) + 1126/6 composite?
True
Suppose 0 = -4*c - 0*c + 3*p + 1192, -c = -5*p - 315. Suppose -5*x + 4*f = -474 - c, x + 4*f - 173 = 0. Is x prime?
True
Suppose 2*m = 2*c - 0*m - 4, -4*c = 4*m - 48. Let y = c - -29. Let x = y + -5. Is x a prime number?
True
Let z(s) = -2*s + 17 + 6*s - 2. Is z(9) a prime number?
False
Suppose 3*r - 400 = 197. Is r composite?
False
Let v = 11588 - 5607. Is v a composite number?
False
Let v(s) = -s**3 - 7*s**2 + 8*s + 2. Let y be v(-8). Suppose -57 = -a - y*h, a = 2*a + 3*h - 59. Is a prime?
True
Let t = -294 + 206. Let k = t - -210. Is k a prime number?
False
Suppose -2*j + 2*s = j - 29, j = 5*s + 27. Suppose -3 + 5 = 2*c, r = -5*c + j. Let q = 25 - r. Is q a composite number?
False
Let l = -6 - -8. Suppose 326 = l*h + 4*k, 2*k - 322 = 2*h - 4*h. Is h prime?
False
Suppose x + 37 = -2*y + y, 4 = -x. Let c = y + 166. Is c a prime number?
False
Suppose -5*p + 4*w + w - 10 = 0, 3*w = 5*p + 14. Let i(x) be the second derivative of 5*x**4/12 + x**3/2 - x**2/2 + 4*x. Is i(p) composite?
False
Suppose 0 = 2*z - 3*z + 831. Is z composite?
True
Let d be (-2)/2*(4 - 6). Let r(h) = -84*h + 16. Let u(t) = -17*t + 3. Let x(y) = 2*r(y) - 11*u(y). Is x(d) a composite number?
False
Is (-5)/30 + 1430/12 a prime number?
False
Suppose -31640 = -15*s - 1955. Is s a composite number?
False
Suppose 0 = 4*u - 1516 - 4072. Is u prime?
False
Let c(p) be the third derivative of 53*p**4/24 + 3*p**2. Let h(n) = n**2 - 3*n + 1. Let f be h(3). Is c(f) prime?
True
Suppose -5*a + 5*m + 48 = -2, 2*a - 4 = -2*m. Let i(t) = 51*t**3 + 3*t**2 - 2*t - 1. Let x be i(2). Suppose n - a*n + x = 0. Is n composite?
False
Suppose -4*i - 14 = -2. Let q(v) = v**2 + 3*v - 6. Let a(z) = -2*z**2 - 4*z + 7. Let j(w) = i*a(w) - 4*q(w). Is j(3) a composite number?
True
Let i = -8 - -12. Is 62/(i/(6/3)) prime?
True
Let p = -5 + 7. Let v(s) = s**2 - s - 1. Let j be v(p). Is -746*((-3)/6)/j prime?
True
Let o(u) = -49*u + 23. Let l(k) = -24*k + 11. Let n(w) = 7*l(w) - 4*o(w). Is n(11) composite?
False
Suppose o = 3*o - 2274. Is o composite?
True
Suppose 0 = 4*j + 12, 9763 = 4*q - 9*j + 4*j. Is q prime?
True
Let t(w) = 3*w**2 + 22*w + 6. Is t(15) a prime number?
False
Let d(a) = -a - 7. Let t be d(-8). Is 288 + (-3 - t) + 3 composite?
True
Let m(r) = -12*r - 7. Let y = -3 - -6. Suppose 3*a = a + 2*u - 20, y*u = 6. Is m(a) a prime number?
True
Suppose 3*z = 1004 - 89. Is z a prime number?
False
Let a(i) be the second derivative of i**4/6 + i**3 - 7*i**2 - 5*i. Is a(-12) a prime number?
False
Is (-2 - (-1286 - -1)) + (3 - 3) composite?
False
Let t(o) = o**2 + o + 5. Let l(c) = -c**2 + 7*c - 6. Let w be l(7). Is t(w) a prime number?
False
Suppose -5*o - 11 - 26 = -2*p, -55 = -2*p - o. Let s = 319 - p. Is (-3)/(-1 - 2)*s a composite number?
False
Let p = -3 - -4. Let w be (2/1 - 81) + p. Is 1 + (0 - w/1) prime?
True
Let z(w) be the first derivative of w**2/2 + 13*w + 3. Let s be z(-9). Suppose -s*o - 12 = -2*j, 2*j - 3*o - 18 = -j. Is j composite?
True
Suppose 3*c - 19 = 5*o, 2*c + 4*o + 3 + 21 = 0. Is 1/((-3)/78*c) composite?
False
Let l = -9 - -13. Suppose l*f + 28 = 8*f. Is f a composite number?
False
Let c(r) be the third derivative of -r**6/120 - r**5/10 - 3*r**4/8 - r**3/6 - 3*r**2. Is c(-6) composite?
False
Suppose 0 = -2*y + 2*z + 2*z + 8, 2*y - 48 = -4*z. Let g(h) = -6*h + 3 - y + 0. Is g(-8) a prime number?
True
Let s be 2 - (-3)/(-6)*-2. Let k = s - 4. Is 11*k*-2*1 composite?
True
Let n = -618 + 1387. Is n a prime number?
True
Suppose 2*r - 233 - 209 = 0. Is r composite?
True
Let t(x) = -x**3 + 4*x**2 + 7*x - 7. Let o be t(5). Suppose -90 = -o*q + 4*g + 209, -186 = -2*q - 4*g. Is q composite?
False
Is 293/3*(-2 + 5) a prime number?
True
Suppose 2*c = 2*g - 74, 46 = 3*g - 2*g + 2*c. Suppose g = -3*a + 133. Is a composite?
False
Suppose -2*d = 2*a + 40, -d + 2*a = -3*a + 2. Suppose -4*g + 193 = 1. Let k = d + g. Is k a prime number?
True
Suppose 4*z = -4 - 8. Is (-1 - z) + 0 + 20 a composite number?
True
Let n = 2230 + -1359. Is n a composite number?
True
Let k = -11 + 15. Suppose 114 = 2*g - k. Is g a prime number?
True
Let u(p) = -p - 2. Let g be u(-4). Suppose -s = -3*b - 4*s + 24, 0 = 3*b + g*s - 24. Suppose -2*m + b = 0, 115 = 3*j - m + 2*m. Is j a prime number?
True
Let i = -4 + 6. Suppose 0 = i*p + 3 - 23. Suppose -b - 3*v + 23 = -27, -5*v = -b + p. Is b a composite number?
True
Suppose -r + 3*r + 10 = 0, -1331 = -3*m - 2*r. Is m prime?
False
Suppose -136 = 2*w - 1104. Let r = 721 - w. Is r a prime number?
False
Let c(x) = -x + 12. Let z be c(9). Suppose z*k + 2*k = 25. Let g(f) = f**3 - 4*f**2 - 3*f - 3. Is g(k) prime?
True
Let v = 1531 - -1504. Is v a composite number?
True
Is (0 - 3 - -6)/(2/2918) prime?
False
Let p = -77 + 142. Suppose -2*q = -13 - p. Is q a composite number?
True
Suppose -3*j + j = -206. Is j prime?
True
Let f = -2 + 5. Suppose -3*c - 6 = -f. Is 1 + c + 0 - -157 prime?
True
Suppose -3*m + 0*v + 435 = -3*v, 0 = -3*v + 12. Is m a prime number?
True
Suppose -i + 631 = 74. Is i prime?
True
Is (-12)/32 - (-4027)/8 composite?
False
Let i = 7 + -9. Let v(z) = 12*z**2 - 4*z - 3. Is v(i) a prime number?
True
Let j(c) = -c**2 + 0 + c**3 + 0*c + 2 + 6*c + 5. Is j(6) a prime number?
True
Suppose 36 = 4*k + 4*y, 3*k - 3*y - 2 = -y. Suppose -34 = -4*a + 5*w, -38 = -5*a + 5*w - w. Is k/a*48 - -1 composite?
True
Let f(n) = -n**3 - 7*n**2 + 3*n + 8. Let c be f(-6). Is (8 - 10)*c/4 a prime number?
True
Let r(c) = 668*c**2 - 2*c - 3. Is r(-1) prime?
False
Suppose 0 = -3*r - 2*r - o - 25, 2*r - 4*o = -32. Let i(s) = s**2 + 4*s - 3. Is i(r) a composite number?
True
Let i(b) = -b**2 + b + 4. Let x be i(0). Let g(d) = 7*d**2 + 3*d - 2. Let r be g(x). Suppose -r = -4*q + 26. Is q a prime number?
True
Let r(t) = 7*t**2 - 8*t + 7. Is r(6) prime?
True
Let s(z) = -z + 2. Let b be s(-3). Suppose t + 22 = b*g + 102, 2*g - 3*t = -19. Let k = 42 + g. Is k composite?
True
Let x be (-2 - -4107)*6/30. Suppose x = 2*o + 19. Is o prime?
True
Let d(b) = -3*b**3 - 2*b**2 - b + 1. Let v be 3/5 + 24/10. Let w be d(v). Let m = 183 + w. Is m a composite number?
True
Let u be 3*7/((-84)/296). Let c = 171 + u. Is c a prime number?
True
Let v(i) = -i + 1. Let m be v(-1). Suppose 26 = 2*x - 8. Let p = x - m. Is p a prime number?
False
Let q = -40 - -291. Is q a prime number?
True
Let o(p) = 7*p - 6. Let x be o(8). Suppose -5*c + x = -0*c. Suppose -2*h - 19 = -0*m + 5*m, -5*m = 5*h + c. Is h composite?
False
Let i = 46 + -15. Is 4/2*i/2 a composite number?
False
Is (-1600)/(-6) - 8/(-24) a composite number?
True
Let h = 78 - 32. Is h composite?
True
Let d(w) = 13*w + 14. Is d(9) prime?
True
Let r = -10 + 18. Suppose 5*i + r = 73. Let w = 20 + i. Is w a prime number?
False
Let t = 0 + -2. Let q be ((-7)/14)/(1/18). Let k = t - q. Is k a composite number?
False
Let o(r) = -r**2 - r + 19. Let f be (-12)/(-1)*(-6)/(-9). Suppose -3*h = -f*h. Is o(h) a composite number?
False
Let l = -12 - -22. Suppose 4*x = -m - 2, 3*x = 2*x - 5*m - l. Is (x - -1) + 38 + -2 composite?
False
Suppose -5*p - 1107 = -6*g + 2*g, 3*p = -3*g + 864. Suppose 39 = 2*b - g. Is b a composite number?
True
Let y = 817 - 325. Suppose 4*z + 0*z - 4*t = y, -z - 3*t + 139 = 0. Is z composite?
False
Let h(s) = -s**3 + 5*s**2 + s + 5. Let v be h(5). Let f(w) = 15*w - 1 + 3 - w**3 - 7 - 4 + 10*w**2. Is f(v) a composite number?
True
Suppose -2*i + 52 = 2*w - 4*w, -w - 30 = -2*i. Is (w/(-6))/(12/252) composite?
True
Suppose -s + 348 = -5*p, -4*s + 648 = p - 849. Is s composite?
False
Let r be 2/(-10) - 6636/(-30). Let n = r - 102. Is n a composite number?
True
Is (-3)/6*(0 + -446) composite?
False
Suppose 0 = 4*f - f - 12. Let z be 2/8 - 17/f. Let c = 95 + z. Is c a composite number?
True
Let x(l) = -l + 77. Let r = 15 - 15. Is x(r) prime?
False
Suppose 1560 = 4*